2*f**3 + f**2 - 6*f - 21. What are the prime factors of n(-5)?
2, 71
Let r be (-80)/35 - (-2)/7. Let y(h) = 10*h**2 - h + 2. What are the prime factors of y(r)?
2, 11
Suppose -a + 8 = -71. What are the prime factors of a?
79
Suppose 2*a + 2*a - 5*h + 114 = 0, -4*h - 132 = 4*a. Let j = a - -53. What are the prime factors of j?
2, 11
Let k = 11 + -9. Let l(j) be the first derivative of j**4/2 + 2*j**3/3 - j**2 - 2*j + 2. List the prime factors of l(k).
2, 3
Suppose 5*k - f - 4 + 11 = 0, -f + 3 = -k. Let t be -2 - (k + -1 + -65). Suppose -p = 4*p - t. What are the prime factors of p?
13
Let n be 6/4*(2 + 0). Let s be n + (-3)/2*-10. List the prime factors of 15/(-2)*(-12)/s.
5
Let u = -4 + 24. What are the prime factors of u?
2, 5
Suppose -19 - 5 = -2*k. Suppose k = c - 3. What are the prime factors of c?
3, 5
Let b be (4/3 - 3)*-3. Suppose -3*l + 5*c = -15, 0 = 2*l + l + c + 3. Suppose 27 = s - b*g, l = 4*g + g + 5. What are the prime factors of s?
2, 11
Suppose -2*k = -k - 3. Suppose -v = k*v + 2*a - 710, -2*a = -v + 170. What are the prime factors of (-2)/7 - v/(-28)?
2, 3
Suppose -a = -2*a + 30. Suppose 0*v = -5*v + a. List the prime factors of v.
2, 3
Let g(j) = -3*j + 1. Suppose -15 = 3*t - 0*t. Let c = 3 + t. What are the prime factors of g(c)?
7
Let i(a) = 2*a - 6. Let p be i(7). Let q be ((-6)/p)/((-2)/(-8)). Let x = 0 - q. What are the prime factors of x?
3
Let q(k) = -5*k + 14. List the prime factors of q(-5).
3, 13
Suppose -5*k + 0*k + 25 = 0. Suppose 5*v = -4*h - k, 5*v - 4*h - 10 = -5*h. Suppose 6*z = v*z + 48. What are the prime factors of z?
2
Suppose g + 20 = 5*b - 4*g, 0 = -5*b + 2*g + 29. Suppose -5*y = 3*l + b, 5*y = 2*l - 0*y + 13. What are the prime factors of 159/7 - l/14?
23
Suppose 2*v = 4 - 0. Suppose v*l + h + 109 = 0, -h + 0*h + 171 = -3*l. List the prime factors of 6/15 - l/10.
2, 3
Let x = 64 - 7. List the prime factors of x.
3, 19
What are the prime factors of 3/3 + (39 - 0)?
2, 5
Let t(s) be the third derivative of 3*s**4/8 - s**3/6 + 4*s**2. What are the prime factors of t(2)?
17
Let k(a) = -5*a + 21. What are the prime factors of k(-5)?
2, 23
Suppose -3*y + 13*y - 350 = 0. List the prime factors of y.
5, 7
Suppose -4*z + 0*z + 16 = 0, 0 = 3*g + z - 334. What are the prime factors of g?
2, 5, 11
Let d = 0 - -48. List the prime factors of d.
2, 3
Suppose 0 = 5*k - 19 - 11. Suppose -3*a = -k*a + 12. What are the prime factors of a?
2
Suppose -3*b = 3*c - 6, c - 2*b - 3*b - 8 = 0. Suppose i + 72 = 5*d, 0 = 3*d - 0*d + c*i - 54. List the prime factors of d.
3, 5
Let b = -1 - 1. Let j be (b + 0)*(-2 - 0). What are the prime factors of 10 - j/(0 - 2)?
2, 3
Suppose -2*j + 15 + 1 = 0. Let a = -5 + j. What are the prime factors of a?
3
Suppose 0*j - 4*j = -72. Let q = j + -3. Let y = q + -1. List the prime factors of y.
2, 7
List the prime factors of ((-18)/30 - 551/(-10))*2.
109
Let p(x) = x - 7. Let y be p(5). What are the prime factors of (-3 + (-10)/y)*1?
2
Suppose 2*c + z + 84 = -2*c, 0 = 5*c + z + 104. Let p = 35 + c. What are the prime factors of (p/2)/(3/4)?
2, 5
List the prime factors of 3*(75/9 - 3).
2
Let r be (-159)/15 - 2/5. Suppose 2*j + 2*u = -12, 5*u + 4 + 5 = -2*j. Let t = j - r. What are the prime factors of t?
2
Suppose 5*c - 3*c = 50. Let n = -9 + c. What are the prime factors of n?
2
Suppose -3*g + 76 = 2*w, -g - 63 - 51 = -3*w. What are the prime factors of w?
2, 19
Suppose -201 = -6*r + 3*r. List the prime factors of r.
67
Suppose 6 = 3*b - 0*b. Suppose -l + b*l - 6 = 0. List the prime factors of l.
2, 3
Let s(o) = o**2 + o + 35. Let x be s(0). Suppose 3*u = 5*m - 0*m + 11, 5*m = 5*u - x. What are the prime factors of u?
2, 3
Let z(d) = d**3 + 5*d**2 - 8*d. What are the prime factors of z(-6)?
2, 3
Suppose 2*p + 5*v + 90 = 6*p, 4*p - 2*v - 84 = 0. What are the prime factors of p?
2, 5
Suppose 0 = -a - 1, -2*p = p - 5*a - 20. Suppose p*u = -25, -4*m - u + 30 - 11 = 0. Suppose 24 = -2*b + m*b. List the prime factors of b.
2, 3
Suppose 8 = 4*t, -4*t = 3*v - 5*v + 286. List the prime factors of v.
3, 7
Let y be (-8 + 2)*3/(-6). Suppose -z = -y*z + 6. Suppose 3*q - 26 = -5*a, q = z*q - 3*a - 30. What are the prime factors of q?
2, 3
Let a(w) = w**2 - 6*w + 10. What are the prime factors of a(7)?
17
What are the prime factors of (-532)/(-12) - (-1)/(-3)?
2, 11
Suppose 2*y = -2*c + 314, -5*y + 662 + 119 = 4*c. List the prime factors of y.
3, 17
Let d be -3 + 1 - -3 - -3. Suppose -3*z = -d*l + 159, 6*z = 2*l + 4*z - 82. Suppose -l = -4*f + f. What are the prime factors of f?
2, 3
Let k be (-4)/14 - (-26)/91. Let o = 30 - 20. Suppose k*g - o = -g. What are the prime factors of g?
2, 5
Let x = -10 - -65. List the prime factors of x.
5, 11
Let c be 1/3*(-1 + 10). Suppose -c*k = k. Suppose k = m - 5 - 4. What are the prime factors of m?
3
Let f(u) = -3*u - 8. Suppose -2*p = -3*p + 6. Let h be f(p). Let o = 38 + h. What are the prime factors of o?
2, 3
Let m = -111 - -181. List the prime factors of m.
2, 5, 7
Suppose m + 108 = 3*m. List the prime factors of m.
2, 3
What are the prime factors of (-5)/7 + 1 - 2232/(-126)?
2, 3
Suppose 0 = 3*o - 247 + 94. Suppose 0 = 6*i - 3*i - o. List the prime factors of i.
17
Let b(d) = -d**2 + d + 20. Let u be (-1 - -1)*(-2)/(-2). List the prime factors of b(u).
2, 5
Suppose 0 = -5*z - 0 - 5. List the prime factors of 3 + (-10 - -2)*z.
11
Suppose 124 = 4*o - 0*o. What are the prime factors of o?
31
Suppose 0*w - 2*w + 46 = 0. What are the prime factors of w?
23
Suppose 4*i + 13 = f, 4*f + 5*i - 7 - 3 = 0. Suppose 314 - 69 = f*o. List the prime factors of o.
7
Let y(m) = -3*m**2 + m - 1. Let b be y(1). Let r(q) = 9*q + 3. Let w(a) = -8*a - 4. Let i(l) = b*r(l) - 2*w(l). What are the prime factors of i(-1)?
2, 5
Let r be 2/(-8) - 45/(-20). Suppose 0 = -2*n - r*n + 28. What are the prime factors of n?
7
Suppose 3*f + 51 - 27 = 0. Suppose 3*a = 8 - 2, 0 = b - 3*a + 18. Let u = f - b. What are the prime factors of u?
2
Suppose -4*t = -2*t - 5*c + 15, 0 = -5*t + 4*c - 12. Suppose t = -g + 3*g - 40. What are the prime factors of g?
2, 5
Let b(o) be the second derivative of 17*o**3/6 + o**2 - 5*o. List the prime factors of b(1).
19
Let w(x) be the first derivative of -x**3/3 + x**2/2 + 6*x - 4. List the prime factors of w(0).
2, 3
Let j(q) = 2*q - 14. Let g be j(10). Suppose -3*l + 4*t - 17 = -4*l, -3*t = -3*l + g. List the prime factors of l.
5
Let s = 207 - 136. Let q = s - 35. List the prime factors of q.
2, 3
List the prime factors of 66 - (1 - (0 - 1)).
2
Suppose -4*w - 7*d + 225 = -2*d, 2*w - 111 = -d. List the prime factors of w.
5, 11
Let k = -20 + 37. Suppose -k = 3*r - 101. What are the prime factors of r?
2, 7
Let j(c) = -1 + c + 0*c + 0*c. Let m(f) = -3*f + 5. Let q(l) = 6*j(l) + m(l). What are the prime factors of q(2)?
5
Suppose -5*v = -5, 2*v = 4*o - 3*v - 123. What are the prime factors of o?
2
Suppose -4*y - 9 + 225 = 0. List the prime factors of y.
2, 3
Let g(f) = 2*f - 21. List the prime factors of g(16).
11
Let r(l) = -l + 12. Suppose 0 = 2*z + z. Suppose z*n + 3*n = 0. List the prime factors of r(n).
2, 3
Let l be 2/(-6) - 11/3. Let w = -1 - l. Suppose 18 = -0*t + w*t. What are the prime factors of t?
2, 3
Let k(n) = -4*n - 1. Let m be k(-5). Let o = m + -5. What are the prime factors of o?
2, 7
Let u(f) = -f - 8. Let n be u(-7). Let p(a) = -14*a - 2. List the prime factors of p(n).
2, 3
Suppose 0 = z - 3 - 62. What are the prime factors of z?
5, 13
Suppose -1228 - 12 = -5*q. What are the prime factors of q?
2, 31
Let y = 30 + 9. List the prime factors of y.
3, 13
Suppose 0 = 5*l + y - 9, 6*l - 10 = 2*l + 2*y. Suppose -2*q - 3*c = -194, 75 - 267 = -2*q - l*c. List the prime factors of q/8 + (-2)/(-8).
2, 3
Let q = -6 + 10. Let y(a) = 2*a - 6. Let c be y(q). Suppose 2*f - 26 = -3*d, -c*f + 13 = -2*d - 3. List the prime factors of f.
2, 5
Suppose 2*n + 146 = 2*u, 0 = -2*u - 2*u - n + 292. What are the prime factors of u?
73
Let c(z) = 4*z - 8. Let u be c(7). Let a be 20*(2/(-2))/2. Let m = u + a. List the prime factors of m.
2, 5
Suppose 4*d - 166 - 230 = 0. List the prime factors of d.
3, 11
List the prime factors of (-647)/(-5) - (-14)/315*-9.
3, 43
Let g be 2/(-8) + (-35)/20. What are the prime factors of 3*(-2 + (1 - g))?
3
Let x(r) = -r**2 - 2*r - 2. Let v 